uppose 13*l + 102 = -4*l. List the prime factors of (-3 - (-334)/(-4))/(3/l).
173
Let u(k) = -k**3 + 50*k**2 + 29*k + 12. What are the prime factors of u(50)?
2, 17, 43
Let b(l) = -113*l**2 + 5*l + 1. Let c be b(-2). Let t = -292 - c. List the prime factors of t.
13
Let r(f) = -f**3 + 8*f**2 - 6*f - 7. Let v be r(7). Suppose v = 3*d - 28 - 11. Let m = 23 + d. What are the prime factors of m?
2, 3
What are the prime factors of 49677/24 + 1/8?
2, 3, 5, 23
Let a = -1560 - -2819. List the prime factors of a.
1259
Let w(s) = s**3 + 14*s**2 + 18*s - 19. Let i(c) = c**2 - c - 1. Let p(q) = -3*i(q) + w(q). List the prime factors of p(-7).
3, 11
Let l = -325 + 490. Suppose 3*w + 3*j - l = 0, -3*w + 6*w = -2*j + 164. List the prime factors of w.
2, 3
Suppose 0 = -29*v + 5059 - 1347. What are the prime factors of v?
2
Suppose 4*s = 3*s + 2. Suppose -18 = -2*v - 3*v - s*w, 2*w = -2. List the prime factors of 42/9*6/v.
7
Suppose -5*d - 4*l - 1 = 0, 5*d = -l + 6 + 5. List the prime factors of d.
3
Let s = 268 + -255. What are the prime factors of s?
13
Let x(n) = n**2 - 8*n + 31. Let v(m) = m**3 + 10*m**2 + 13*m - 12. Let z be v(-8). List the prime factors of x(z).
79
Let w(k) = k**2 - 6*k + 8. Let a(g) = -3*g - 11. Let c be a(-5). Let n be w(c). Suppose -3*j + 12 + 54 = n. List the prime factors of j.
2, 11
Suppose -2*w = -4*v - v - 23, v = 2*w - 27. What are the prime factors of (-136)/(-14) - ((-32)/w)/8?
2, 5
Let p(u) = -2*u**3 - 3*u**2 + 17*u - 6. Suppose v + 49 = 44. List the prime factors of p(v).
2, 3, 7
Let y(a) = a**3 + a**2 + a + 2. Let d be y(0). Suppose d*m + 4*h - 20 - 28 = 0, 0 = -4*h. What are the prime factors of m?
2, 3
Let j(p) = -p + 5. Let t be j(-5). Let k be t - (-4 - -3 - -1). Let v = k - 1. List the prime factors of v.
3
Suppose -8 = -w + 2*w. Let s be ((-3)/((-18)/66))/1. Let t = w + s. What are the prime factors of t?
3
Suppose 26*f - 3984 = 16114. What are the prime factors of f?
773
Let n be (-36)/(-4) + (3 - 0). Let f = n - 10. List the prime factors of 1/(146/(-74) + f).
37
Let d(u) = 63*u + 1. Let f(w) = 64*w + 1. Let q(x) = 4*d(x) - 5*f(x). List the prime factors of q(-1).
67
Let l = 749 - 417. What are the prime factors of l?
2, 83
Suppose 10*o = -3052 + 7682. What are the prime factors of o?
463
Suppose -14 = -6*q + q - 2*p, 0 = -q - 3*p + 8. Suppose v - 62 = -k, 6*v + 5*k = q*v + 246. What are the prime factors of v?
2
Let f = 0 + 0. Suppose f = -2*d - 0*d + 48. Suppose g - 3*g + d = 0. List the prime factors of g.
2, 3
Let f(j) = -j + 9. Let t be f(6). Suppose 4*q + 5*w + 0*w = 110, t*q - 4*w = 67. List the prime factors of q.
5
Suppose 7*p + 540 = 10*p. Suppose -b + p = 2*b. List the prime factors of b.
2, 3, 5
Let k be (2 - 10) + 1 + -2. Let x be k/2 - (-5)/(-10). Let n = x - -16. What are the prime factors of n?
11
Let u be (4/(-22))/((-7)/77). Let t(f) = 1 - 154*f**3 - 5 + 152*f**3 + u*f**2 - 2*f. What are the prime factors of t(-2)?
2, 3
Suppose 0 = -5*p + 83 + 677. What are the prime factors of p?
2, 19
What are the prime factors of ((-32)/64)/(1/(-238))?
7, 17
Let u(h) = -29*h**3 + 13*h**2 + 32*h - 8. What are the prime factors of u(-4)?
2, 241
Suppose -5*k - 20*y = -17*y - 2583, 3*k = y + 1547. What are the prime factors of k?
2, 3, 43
Let r = 571 + -323. What are the prime factors of r?
2, 31
Let i = 44 - 4. Let w = i + -90. List the prime factors of (24/10)/((-20)/w).
2, 3
Let o(w) = -62*w + 12. List the prime factors of o(-3).
2, 3, 11
Let f(x) = -x**3 + 7*x**2 - 5*x - 3. Let t be f(6). Let k = 5 - t. List the prime factors of 2*(k - (-153)/6).
5, 11
List the prime factors of 6584/(-32)*8/(-2).
823
Suppose 4*x + 21 = n, -2*x - 7 = n + x. Suppose -n*g - 237 = -8*g. List the prime factors of g.
79
Suppose -4*a + 29 = 25. What are the prime factors of -291*1/((-3)/a)?
97
Let l(b) = -b**2 - 10*b + 19. Let r be l(-17). List the prime factors of (r/3 + -1)/((-6)/18).
103
Let r be (-2 - -4) + 265/(-15)*-6. Suppose -r = -3*f + 21. What are the prime factors of f?
43
Let n = -42 + 64. Suppose -18*v = -n*v - 32. What are the prime factors of (-118)/v + 10/40?
3, 5
Suppose -4*w - 2 + 10 = 0. Suppose -w*c + 8 = 2*c. Suppose -106 = -3*q + k - c*k, 39 = q + 4*k. What are the prime factors of q?
5, 7
Let n = -14 - -21. Let v(z) = 2*z**2 + 3*z - 5. Let f be v(n). Suppose -f = -6*s + 6. List the prime factors of s.
2, 5
Suppose -2*h = x - 1762, 3 = x - 1. Suppose -4*y + 3*k = -0*k - h, -5*y + 1091 = 4*k. Suppose 3*p + 69 = y. What are the prime factors of p?
2, 5
Suppose -2*z + 2614 = 4*f, 8*f + 4*z - 671 = 7*f. What are the prime factors of f?
3, 7, 31
Let g be (1 - 0)/(5/(-2715)). What are the prime factors of (-4)/24 + g/(-18)?
2, 3, 5
Let w = 4 - 2. Suppose u - w = y + 32, -3*y - 138 = -4*u. Suppose 0 = -3*s - 6, 2*x + 0*s - 3*s = u. List the prime factors of x.
3, 5
Let w(x) = -x**3 + 3*x**2 + 6*x + 4. List the prime factors of w(-4).
2, 23
Let v be (-12)/(147/126*4/7). Let p = 158 + v. List the prime factors of p.
2, 5, 7
Suppose -6*q + 2*q = -2*x - 148, 0 = x + 2*q + 70. Let f = x - -42. List the prime factors of 3*1*(-80)/f.
2
Let d(v) = 190*v**2 + 2*v + 1. Let h(r) = r**2 + 11*r + 23. Let g be h(-8). What are the prime factors of d(g)?
3, 7
Let y = -11 - -11. Let s be y + 62 - (-33)/11. Let t = s - 37. List the prime factors of t.
2, 7
Let w = 109 - -2181. List the prime factors of w.
2, 5, 229
Let t be 30/20*80/3. List the prime factors of 3 + (-1 - 3) + t.
3, 13
Let j(h) = -4*h + 31. Let n be j(11). What are the prime factors of (-3694)/(-18) - (208/(-72))/n?
5, 41
Suppose 4*o - 27 = 121. Let i = 81 - o. What are the prime factors of i?
2, 11
Let v = 85 + 234. List the prime factors of v.
11, 29
Suppose -4*f + 471 = -485. What are the prime factors of f?
239
Suppose 2*i - 32 = 5*h, -4*h - 3 = 2*i + 1. Let s = i - -15. What are the prime factors of s?
3, 7
Let i = -46 - -28. Let s = 1 + i. Let p = s - -22. List the prime factors of p.
5
Let r(d) = -11*d**2 + 40*d**2 - 8 - 10*d - 25*d**2. What are the prime factors of r(5)?
2, 3, 7
Let p = -2 - -11. Let i be (-1)/(-2 + 21/p). List the prime factors of ((-6)/i)/(4/48).
2, 3
Let k(x) = -x**2 + 13*x - 12. Let i be k(12). Suppose -5*n + 120 = -i*n. What are the prime factors of n?
2, 3
Suppose 16*c = 587 + 645. List the prime factors of c.
7, 11
Suppose -55 = -4*k - k. Let j(i) = -i + 8. Let w be j(k). Let t = w - -8. List the prime factors of t.
5
Suppose -28 = 6*i - 10*i. Suppose i*v - 483 = 21. List the prime factors of v.
2, 3
Let y(b) = -b**3 - b**2 + b + 3. Let l be y(0). Let j = 431 + -151. Suppose 157 = l*z - 4*t, -5*z - 2*t + 5*t = -j. List the prime factors of z.
59
Let p(w) = -2*w**2 + 6*w - 6*w**2 - 4 + 5*w**2 + w**2. Let m be p(6). Let y = -27 - m. List the prime factors of y.
13
Let x = 10 - -4. Let h be ((-3)/6)/(2/(-32)). Let q = h + x. List the prime factors of q.
2, 11
What are the prime factors of (-20126)/(-22) - ((-544)/(-176))/(-17)?
3, 5, 61
Suppose 3*s - s - 2*a - 2522 = 0, -s = -5*a - 1277. What are the prime factors of s?
3, 419
Let k = 1024 + -469. List the prime factors of k.
3, 5, 37
List the prime factors of 20/10 + 306*4.
2, 613
Suppose -4*n + 25*x = 26*x - 8712, -3*x = 3*n - 6525. List the prime factors of n.
2179
Suppose -1 = 4*h - 13. Suppose -i = -7*i. Suppose i*d = h*d - 84. What are the prime factors of d?
2, 7
Suppose 8*p + 12 + 4 = 0. Let t(x) = -6*x**2 + x - 3. Let f(n) = -7*n**2 - 2. Let m(k) = -3*f(k) + 2*t(k). What are the prime factors of m(p)?
2
Suppose 5*p = 5*h + 400, 4*h + 4*p = p - 348. Let y be (4/(-3))/(14/h). What are the prime factors of y/6*(-75)/(-10)?
2, 5
Let z(k) = 75*k - 13. Let d be z(2). Let x = d + -64. List the prime factors of x.
73
What are the prime factors of (2 + 1)*410/6?
5, 41
Let w be 0 + 4/(-12) + (-9572)/(-6). List the prime factors of w/9 - (-20)/(-90).
3, 59
Let a be -3*(-16)/12*(-241)/(-2). Suppose 5*m + 590 = 5*p, 0*p + m - a = -4*p. List the prime factors of p.
2, 3, 5
Let f be ((-2)/(-4))/(-2 + 1329/664). Let w = -230 + f. List the prime factors of w.
2, 3, 17
Let c = 38 + 29. Let f(u) = 4*u + 2*u - 2*u + c. What are the prime factors of f(0)?
67
What are the prime factors of (10/4 - (-140)/(-24))*-51?
2, 5, 17
List the prime factors of 2/((-2)/(-5)) + 611 + 33.
11, 59
Let t be 10/((-44)/(